- r. What is the remainder when 134 is divided by o?
29
Let i(x) = 485*x - 37816. Suppose 2*u - 28 = 48. Let n = u + -11. Calculate the remainder when n is divided by i(78).
13
Suppose -5*j - 20 = -z, -j + 2*z = -z - 10. Let b(c) = -c**3 - 3*c**2 + 6*c + 2. What is the remainder when b(j) is divided by ((-294)/245)/((-2)/15)?
4
What is the remainder when 276 is divided by (-1 - 2) + (48/6 - -8)?
3
Suppose c + 1556 = 2*i, -11*c - 2 = -10*c. What is the remainder when i is divided by 26?
23
Let g = 1021 + 405. Let f be 1/7 + (2 - g/(-14)). Let d = f + 5. What is the remainder when d is divided by 14?
11
Let o(a) = -14*a**2 + 684*a - 541. Let y = 83 - -18. Calculate the remainder when y is divided by o(48).
31
Let j be (2 - 24)*(-162)/12. Let i = j - 269. Calculate the remainder when 45 is divided by i.
17
Let c(z) = 3 - 170*z**2 + 4*z + 3*z + 86*z**2 + 87*z**2. Calculate the remainder when 114 is divided by c(-5).
28
Let g = 180 + 20. Let y = g - 174. Let u(s) = -27*s - 7. Calculate the remainder when u(-6) is divided by y.
25
Suppose -2*s - 177 = -n + 996, 5*s + 4710 = 4*n. What is the remainder when n is divided by 99?
96
Calculate the remainder when (3 - 56/14) + 3268 is divided by 76.
75
Calculate the remainder when 304 is divided by 3 - (-9)/9 - (1 - 75).
70
Let b(x) = -4*x**2 + 19*x - 25. Let a be b(9). Let o = -172 - a. Calculate the remainder when (3 + -2)*9*1 is divided by o.
3
Let w(h) = 28*h - 71. Let d(m) be the first derivative of m**4/4 + 7*m**3/3 + m**2 - 6*m + 3. Calculate the remainder when d(-5) is divided by w(3).
8
Let w = 61 - 54. Suppose 5*y - z - 44 = 0, 5*y - w*z = -10*z + 28. Calculate the remainder when 23 is divided by y.
7
Let c(k) = 27*k + 713. What is the remainder when c(-10) is divided by 162?
119
Let j = 162 - 107. Calculate the remainder when j is divided by (12/(-15))/((-3)/30).
7
Let s(f) = 26*f - 1. Let w be 8/40*-3 + 26/10. Suppose p - w*z - 368 = -2*p, 5*p + z = 622. What is the remainder when p is divided by s(1)?
24
Suppose 2*n + 150 = 478. Suppose 9*i = 5*i + n. Suppose -5*o - 4*t = -8*t - 586, 3*o - 5*t - 349 = 0. What is the remainder when o is divided by i?
36
Let o = 9678 - 9442. What is the remainder when o is divided by 130?
106
Suppose -59*s + 10 = -61*s, 5*s - 2408 = -3*y. Calculate the remainder when y is divided by 44.
19
Suppose -3*f + 8*f + 2*w - 142 = 0, 12 = -3*w. Suppose -36*r + f*r = -168. Calculate the remainder when r is divided by 15.
13
Let v be 28/6*(-1 - -10)/(-3). Let w be (-1464)/v + (-55)/35 + 1. Let b = w + -21. What is the remainder when b is divided by 18?
11
Let l = 19375 - 19315. Calculate the remainder when 781 is divided by l.
1
Calculate the remainder when (-6)/(-10) - (-1011)/15 is divided by (-7)/2*5380/(-1883).
8
Let d(t) = t**2 - 13*t - 33. Let v = -74 - -50. What is the remainder when d(16) is divided by -3*(0 + v/9)?
7
Suppose -2*p + p = 5*g - 56, -2*p + 87 = 5*g. Suppose 647*b - 314*b = 310*b + 184. Calculate the remainder when p is divided by b.
7
Let u = 9157 + -8921. Calculate the remainder when 480 is divided by u.
8
Suppose 5*z = -5*o + 375, -2*o + 102 + 40 = -2*z. Calculate the remainder when o is divided by 21.
10
Suppose 5*f = -4*z - 23 + 1, 3 = z - 3*f. What is the remainder when 32 is divided by (-98)/(-7) - (-6 - z)?
15
Suppose 12 = 2*i + 3*u, -2*u + u - 29 = -3*i. Let p = -5 + i. Calculate the remainder when 396/(-1716) - (1/13)/((-9)/612) is divided by p.
1
Suppose -r + 41 = -2*b, 88 = 3*r - 54*b + 55*b. Calculate the remainder when r is divided by (8/(-4))/(-1 - (-10)/14).
3
Suppose 4*b + r = -100, -4*r + 56 = -4*b + b. Let t = b - -19. Let d(n) = 3*n**2 + 4*n + 7. What is the remainder when d(t) is divided by 16?
14
Let j = 13 - -12. Suppose -j = -o - 4*t - 4, 4*t + 105 = 5*o. What is the remainder when (-11)/((-748)/4029) + (-3)/(-4) is divided by o?
18
Calculate the remainder when 8620/30 - (-4)/(-3) is divided by ((-174)/(-36))/((10/12)/5).
25
Suppose -3*d - d + 308 = 0. Let i = 425 + -283. Calculate the remainder when i is divided by d.
65
Let l(s) = 2*s + 14. Let j = -44 + 38. Let n be l(j). Suppose -b + n*b = 4*m + 78, 5*m - 104 = -2*b. Calculate the remainder when b is divided by 7.
6
Suppose -6*k + 8 = -4*k, 8*m - 10940 = 3*k. Calculate the remainder when m is divided by 342.
1
Let z = 3945 + -3857. Calculate the remainder when 373 is divided by z.
21
Let s(v) = 52*v - 2333. What is the remainder when s(55) is divided by 41?
35
Let n be 3 + 3 - (10 + -4). Suppose 0 = -5*z + f - 197 + 887, n = -4*f. Calculate the remainder when z is divided by 20.
18
Suppose 272*s - 85006 + 70086 - 297336 = 0. Calculate the remainder when 1155 is divided by s.
7
Suppose 5*v - 38 - 17 = 0. Let i(h) = -1. Let k(r) = r - 13. Let a(y) = -5*i(y) - k(y). What is the remainder when 19 is divided by a(v)?
5
Suppose -32672 - 10250 = -77*g - 1034. Calculate the remainder when g is divided by 6.
4
Let w be (-8 - 5) + 11 + (-4)/(-2). Suppose w = -4*j + 2*g + 74, 3*j - 19 - 24 = -g. What is the remainder when 300 is divided by j?
12
Suppose 23 = -10*v + 13. Calculate the remainder when (((-112)/35)/8)/(v/190) is divided by 26.
24
Let v(b) = -17 - 11 + 5*b - 2*b + 24. Calculate the remainder when v(35) is divided by 26.
23
Suppose 160*f - 86603 = 30048 + 64149. Calculate the remainder when f is divided by 94.
2
Suppose 25*m = 16*m + 855. Suppose m = -3*j + 22*j. What is the remainder when 7 is divided by j?
2
Let t(c) = c + 29. Let g be t(-25). Suppose 5*d = g*m - 52, -5*m = 2*d - 5*d - 78. Let j = 30 - m. What is the remainder when 34 is divided by j?
10
Suppose 5*z = -6*z + 88. What is the remainder when 8/64 + (-2 - (-1823)/z) is divided by 21?
16
Let g(u) = 4*u + 40. Let l be g(-15). Suppose -51 = -s - 2*q, 2*s = -s - 5*q + 155. What is the remainder when s is divided by (30/(-4))/(l/40)?
10
Suppose -179 - 1837 = 6*w. Let m = w + 347. Calculate the remainder when 22 is divided by m.
0
Let y be -161 - 2/(-6)*15. Let a = 370 + y. Calculate the remainder when a is divided by 43.
42
Let a(y) = 22*y**2 + 4*y + 4. Let j = -30 + 26. What is the remainder when (-3908)/(-60) - j/(-30) is divided by a(-1)?
21
Suppose 0 = -561*g + 573*g - 23196. What is the remainder when g is divided by 5?
3
Let j = -873 + 878. Suppose 2*k = -f + 137, 10*f - j*f = 2*k - 155. Calculate the remainder when 155 is divided by k.
15
Suppose -21*y + 35*y - 602 = 0. Suppose -39*m + 230 = -y. What is the remainder when 89 is divided by m?
5
Let w(y) = -y**3 - 110*y**2 - 416*y + 951. What is the remainder when 8546 is divided by w(-106)?
100
Let c be 0 - (-1 + 2 - 31). Suppose -7*o + c = -4*o. What is the remainder when 42/2*(-10)/(-6) + 4 is divided by o?
9
Let k = -12 + 19. Let g = 59 + -57. Suppose g*f + 3*l = 28, -f - l + 12 = -3. What is the remainder when f is divided by k?
3
Let s be (8/(-6))/((-2)/(-9)). Let i(l) = -l**3 - 75*l**2 + 2*l + 213. Let u be i(-75). What is the remainder when (2 - u/s)*4 is divided by 18?
14
Let t = 123 - 115. Suppose -x - 252 = -t*x. What is the remainder when 106 is divided by x?
34
Suppose p + 2*p = 360. What is the remainder when 25/((-15)/3) + p is divided by 39?
37
Let c(p) = -6*p + 14. Let r be c(3). Let u(a) = -a**2 - 1. Let d be u(r). Let l = 53 + d. Calculate the remainder when 106 is divided by l.
34
Let v(o) = 7*o**2 + 4*o + 9. Suppose 5*c - 8 = -2*n + 5*n, -16 = -5*c + n. Calculate the remainder when v(c) is divided by 29.
21
Suppose 5*b + m = 7110, -3*b + 0*m = -2*m - 4253. Suppose -287 = 18*y - b. Suppose 0 = 3*n - 6*n + 69. What is the remainder when y is divided by n?
17
Suppose 2*v - 6*v + 14 = -2*x, 0 = -4*v - 2*x + 10. Suppose 7*d - 11*d + 343 = v*o, 4*o - 5*d = 447. What is the remainder when o is divided by 26?
9
Let g be 4/(-6) + ((-50)/6 - -6). Let y be (-1)/(-2 + (-7)/g). Calculate the remainder when 2/((-2)/y) + (-126)/(-3) is divided by 18.
9
Let l = -5 + -9. Let a = 26 + l. Let o = -499051 - -499097. What is the remainder when o is divided by a?
10
Let l = -33 + 39. Let o be (l + -5)*3*2. What is the remainder when (-8)/(-2) + o/6 is divided by 3?
2
Calculate the remainder when 119 is divided by 77/11 + (0 - -44) - 8.
33
Let v(u) = -u**3 + 5*u**2 + 76*u + 16. What is the remainder when 281 is divided by v(-7)?
65
Let b(o) be the second de